f 924?
2
What is the hundreds digit of 5051?
0
What is the thousands digit of 171069?
1
What is the ten thousands digit of 23141?
2
What is the tens digit of 1026?
2
What is the units digit of 840?
0
What is the units digit of 1330?
0
What is the tens digit of 16990?
9
What is the tens digit of 4470?
7
What is the hundreds digit of 1990?
9
What is the hundreds digit of 54677?
6
What is the tens digit of 906?
0
What is the units digit of 3492?
2
What is the hundreds digit of 20689?
6
What is the hundreds digit of 7423?
4
What is the thousands digit of 8826?
8
What is the hundreds digit of 5263?
2
What is the thousands digit of 19157?
9
What is the thousands digit of 9720?
9
What is the units digit of 31626?
6
What is the tens digit of 47488?
8
What is the hundreds digit of 4699?
6
What is the tens digit of 63842?
4
What is the hundreds digit of 24771?
7
What is the thousands digit of 10403?
0
What is the hundreds digit of 23960?
9
What is the tens digit of 99090?
9
What is the tens digit of 130042?
4
What is the units digit of 51904?
4
What is the hundreds digit of 6824?
8
What is the units digit of 125?
5
What is the units digit of 4653?
3
What is the tens digit of 831?
3
What is the hundreds digit of 11320?
3
What is the tens digit of 644?
4
What is the units digit of 35134?
4
What is the units digit of 804?
4
What is the units digit of 36030?
0
What is the tens digit of 233?
3
What is the hundreds digit of 48578?
5
What is the units digit of 4472?
2
What is the hundreds digit of 1230?
2
What is the ten thousands digit of 26438?
2
What is the thousands digit of 1977?
1
What is the ten thousands digit of 13168?
1
What is the hundreds digit of 6053?
0
What is the hundreds digit of 17962?
9
What is the hundreds digit of 1621?
6
What is the tens digit of 175?
7
What is the hundreds digit of 1493?
4
What is the units digit of 954?
4
What is the units digit of 5133?
3
What is the tens digit of 585?
8
What is the hundreds digit of 28484?
4
What is the tens digit of 32850?
5
What is the hundreds digit of 663?
6
What is the hundreds digit of 1054?
0
What is the thousands digit of 12476?
2
What is the thousands digit of 90633?
0
What is the hundreds digit of 148?
1
What is the tens digit of 1485?
8
What is the hundreds digit of 77930?
9
What is the units digit of 17393?
3
What is the tens digit of 4420?
2
What is the hundreds digit of 321?
3
What is the thousands digit of 1774?
1
What is the thousands digit of 17289?
7
What is the units digit of 1230?
0
What is the hundreds digit of 36684?
6
What is the tens digit of 531?
3
What is the hundreds digit of 120033?
0
What is the tens digit of 6229?
2
What is the hundreds digit of 132?
1
What is the hundreds digit of 448?
4
What is the units digit of 689?
9
What is the tens digit of 31910?
1
What is the tens digit of 4106?
0
What is the ten thousands digit of 95166?
9
What is the hundreds digit of 13539?
5
What is the units digit of 882?
2
What is the units digit of 47932?
2
What is the hundreds digit of 2008?
0
What is the units digit of 284?
4
What is the thousands digit of 4921?
4
What is the tens digit of 507?
0
What is the thousands digit of 58408?
8
What is the hundreds digit of 1359?
3
What is the thousands digit of 51167?
1
What is the tens digit of 591?
9
What is the tens digit of 21?
2
What is the hundreds digit of 2477?
4
What is the tens digit of 3079?
7
What is the hundreds digit of 626?
6
What is the hundreds digit of 1050?
0
What is the tens digit of 57416?
1
What is the hundreds digit of 49819?
8
What is the units digit of 38?
8
What is the hundreds digit of 53647?
6
What is the tens digit of 24630?
3
What is the ten thousands digit of 41717?
4
What is the tens digit of 4327?
2
What is the hundreds digit of 3449?
4
What is the hundreds digit of 11756?
7
What is the thousands digit of 2703?
2
What is the hundreds digit of 89734?
7
What is the units digit of 908?
8
What is the ten thousands digit of 22713?
2
What is the hundreds digit of 7774?
7
What is the units digit of 16107?
7
What is the hundreds digit of 13185?
1
What is the thousands digit of 2178?
2
What is the ten thousands digit of 63305?
6
What is the tens digit of 28?
2
What is the units digit of 7691?
1
What is the units digit of 3131?
1
What is the thousands digit of 8239?
8
What is the tens digit of 3322?
2
What is the thousands digit of 2181?
2
What is the thousands digit of 2497?
2
What is the thousands digit of 1851?
1
What is the thousands digit of 1287?
1
What is the units digit of 214?
4
What is the units digit of 37?
7
What is the tens digit of 21432?
3
What is the tens digit of 4261?
6
What is the units digit of 11872?
2
What is the units digit of 37296?
6
What is the units digit of 7488?
8
What is the units digit of 3214?
4
What is the hundreds digit of 2468?
4
What is the hundreds digit of 636?
6
What is the ten thousands digit of 23166?
2
What is the units digit of 106482?
2
What is the thousands digit of 94475?
4
What is the units digit of 146?
6
What is the hundreds digit of 87957?
9
What is the thousands digit of 3315?
3
What is the units digit of 384?
4
What is the thousands digit of 93055?
3
What is the hundreds digit of 10912?
9
What is the units digit of 747?
7
What is the tens digit of 25541?
4
What is the tens digit of 1273?
7
What is the units digit of 814?
4
What is the thousands digit of 1195?
1
What is the hundreds digit of 29631?
6
What is the tens digit of 466?
6
What is the thousands digit of 41155?
1
What is the tens digit of 11060?
6
What is the ten thousands digit of 31978?
3
What is the units digit of 4281?
1
What is the tens digit of 7452?
5
What is the units digit of 45743?
3
What is the thousands digit of 4143?
4
What is the units digit of 4659?
9
What is the units digit of 742?
2
What is the tens digit of 141848?
4
What is the hundreds digit of 3341?
3
What is the units digit of 3215?
5
What is the hundreds digit of 30465?
4
What is the tens digit of 49763?
6
What is the hundreds digit of 13693?
6
What is the hundreds digit of 5387?
3
What is the units digit of 16598?
8
What is the hundreds digit of 1613?
6
What is the thousands digit of 2450?
2
What is the tens digit of 193?
9
What is the tens digit of 8998?
9
What is the units digit of 853?
3
What is the hundreds digit of 741?
7
What is the ten thousands digit of 20272?
2
What is the units digit of 6849?
9
What is the units digit of 629?
9
What is the hundreds digit of 1370?
3
What is the ten thousands digit of 32531?
3
What is the hundreds digit of 1024?
0
What is the tens digit of 69724?
2
What is the hundreds digit of 843?
8
What is the hundreds digit of 3371?
3
What is the hundreds digit of 458?
4
What is the units digit of 2691?
1
What is the ten thousands digit of 40037?
4
What is the hundreds digit of 270?
2
What is the units digit of 304?
4
What is the thousands digit of 8069?
8
What is the thousands digit of 3084?
3
What is the thousands digit of 125738?
5
What is the tens digit of 25268?
6
What is the tens digit of 176694?
9
What is the tens digit of 665?
6
What is the tens digit of 807?
0
What is the thousands digit of 1012?
1
What is the units digit of 7938?
8
What is the units digit of 901?
1
What is the ten thousands digit of 149648?
4
What is the hundreds digit of 156?
1
What is the thousands digit of 67662?
7
What is the thousands digit of 17046?
7
What is the thousands digit of 3157?
3
What is the thousands digit of 189824?
9
What is the tens digit of 582?
8
What is the units digit of 8138?
8
What is the thousands digit of 5857?
5
What is the tens digit of 80028?
2
What is the thousands digit of 37356?
7
What is the units digit of 67104?
4
What is the units digit of 6282?
2
What is the thousands digit of 3483?
3
What is the thousands digit of 1840?
1
What is the thousands digit of 1296?
1
What is the hundreds digit of 4283?
2
What is the units digit of 8606?
6
What is the units digit of 1039?
9
What is the tens digit of 9874?
7
What is the tens digit of 6499?
9
What is the units digit of 33?
3
What is the hundreds digit of 13821?
8
What is the units digit of 48303?
3
What is the units digit of 882?
2
What is the units digit of 48579?
9
What is the ten thousands digit of 16939?
1
What is the tens digit of 477?
7
What is t